*a + z = -153. What is the tens digit of a?
3
Let f(i) = -2*i**2 + i**2 + i + 4*i**2 - 2*i - 2*i**2 - 1 + 231*i**3. Suppose -2*z + 9 = z + 2*b, b - 6 = -3*z. What is the tens digit of f(z)?
3
Suppose 3*c - 52429 = -32*c + 87011. What is the hundreds digit of c?
9
Let x(n) = -159*n - 1437. What is the thousands digit of x(-31)?
3
Let o(m) = 7*m**2 - 4*m + 65. Let k be o(13). Suppose -4*q = 5*g - 2962, 3*q + q = 2*g - k. What is the units digit of g?
4
Let u(a) = -27*a + 113. Let d be u(-5). Suppose -2*z = 4*j + 276, -3*z - j - 301 = 103. Let m = d + z. What is the units digit of m?
4
Let c(i) = i**2 + 16*i - 18. Let f be c(15). Let b = f - 291. Let n = -52 + b. What is the units digit of n?
4
Let o = 47 + -106. Suppose 0 = 5*k - 756 - 94. Let i = k + o. What is the hundreds digit of i?
1
Let k = -5272 + 7255. What is the tens digit of k?
8
Suppose 5*s = -4*o + 509, -7*o + 9*o - 103 = -s. Suppose -122*v = -s*v - 16506. What is the tens digit of v?
8
Let l = -721 - -3282. What is the units digit of l?
1
Let j(c) = c**2 + 2*c - 21. Let u be j(5). Let x(q) = -2*q**3 + 34*q**2 - q + 7. What is the units digit of x(u)?
9
Let v be -6*174/(-72)*2 + 3. What is the units digit of 620/15*72/v?
3
Suppose 4*j + 2*t + 72 = 0, 0 = 4*t - 2 - 6. Let s(h) = -10*h - 35. What is the units digit of s(j)?
5
Let y be 2/(-8) + 4*(-2285)/(-80). Let k = 131 - y. What is the tens digit of k?
1
Let w = 22864 + -22857. Let u be 11/2 + 1/(-2). Suppose -w*h = -u*h - 360. What is the hundreds digit of h?
1
Let o(q) = -8*q**3 + 13*q**2 - 13*q - 180. What is the tens digit of o(-10)?
5
Let w(b) = -b**2 - 3*b + 7. Suppose 0 = -z - 3*g - g - 21, 4*z = -5*g - 40. Let r be w(z). What is the units digit of ((-42)/24)/(r/12)?
7
Let p(k) = k**2 - 21*k. Let l be p(-5). What is the units digit of l/30*(1 + 8)?
9
Let q = 856 + -431. Suppose -9*f + q = -8*f + 5*h, -1658 = -4*f + h. What is the units digit of f?
5
What is the hundreds digit of 51234*2*((-27)/(-12) - 2)?
6
Suppose 46*h = 63*h - 231353. What is the hundreds digit of h?
6
Let x(l) = l**3 + 20*l**2 - 13*l - 19. Let w = -197 - -181. What is the hundreds digit of x(w)?
2
Let o(d) = 375*d**2 + 37*d + 71. What is the units digit of o(-6)?
9
Let b(c) = 383*c + 518. What is the hundreds digit of b(17)?
0
Let a = 247 + -248. What is the units digit of (-2)/((2*(0 + a))/163)?
3
Let c(j) = 44*j + 28. Let k be c(-25). Let l = k - -2526. What is the units digit of l?
4
Let d be ((-69)/9 - -5)*654/(-4). Suppose 0 = 4*f + n - 929 + 35, 2*f - 5*n - d = 0. Suppose -3*h - f = -898. What is the units digit of h?
5
Suppose w - 2*w = 118. Let u = -109 - w. Let q(g) = -g**3 + 16*g**2 - 39*g - 2. What is the units digit of q(u)?
4
Suppose 0 = -13*i + 58 + 7. Suppose -i*v = -4*v - 2. Suppose -u - 138 = -3*j + 419, 0 = v*u + 4. What is the hundreds digit of j?
1
Let i(k) = k**3 + 56*k**2 - 577*k + 246. What is the thousands digit of i(-58)?
6
Let m(o) = 23*o**3 + 4*o**2 - 18*o + 66. What is the units digit of m(7)?
5
Let v = -86 + 94. Suppose -v*o + 37 = -3*o - 4*y, -3*o + 18 = -y. Suppose -2*l + 6 = w, -l + o*w + 36 - 11 = 0. What is the units digit of l?
5
What is the units digit of (0 + 1 - -65531) + (50/25 - 5)?
9
Let t = -29923 - -44840. What is the thousands digit of t?
4
Let h(c) = 71 + 15*c - 13 - 24*c. What is the hundreds digit of h(-8)?
1
Let b(a) = a**3 - 5*a**2 + 3*a + 3. Let y be b(5). Let m(g) = y*g**2 + 10 - 10*g**2 - 3. What is the tens digit of m(-3)?
7
Let j be 2 + 3 - 1 - 1. Suppose 49 = 4*t + j*t. Suppose -t*i + i + 438 = 0. What is the units digit of i?
3
Let y(k) = k**3 + 36*k**2 - 77*k + 79. What is the thousands digit of y(-33)?
5
Let d(w) = 7*w - 18. Let u be d(-15). Let j = -121 - u. What is the units digit of ((-12)/(-9) - j)/(2/(-111))?
7
Let q(n) = -n**3 - 5*n**2 - 5*n - 41. Let j be q(-6). Let g = 130 + j. What is the units digit of g?
5
What is the tens digit of (-8462)/(-7) - 228/266?
0
Suppose h - 1474 = i, 15*i - 5*h + 4412 = 12*i. Let c = 2073 + i. What is the tens digit of c?
9
Suppose -4*l + 2128 + 67270 = -g, -l = -3*g - 17344. What is the ten thousands digit of l?
1
Let y(w) = -16155*w + 182. What is the tens digit of y(-1)?
3
Suppose -4*c = -0*o - o - 3*c + 16990, -5*c = 0. What is the hundreds digit of o?
9
Let x(c) = c**3 - 22*c**2 + 19*c + 39. Let n be x(21). What is the units digit of 1 + (n/6)/(1/(-122))?
2
Suppose 2*k = 3*k - 91. Suppose -5*d - k = -2*p + p, -5*p = 5*d - 335. Suppose p = 3*w - 106. What is the units digit of w?
9
Let u = -112 - -116. Suppose -2*p + 1916 = u*k, 2*k - 479 = k + 2*p. Suppose f + 2*q - 114 - 43 = 0, -k = -3*f - 2*q. What is the units digit of f?
1
Suppose -15*q - 5221 = -601. What is the tens digit of 12/24*q/(-2)?
7
Let y = -1578 + 1875. What is the tens digit of y?
9
Let p(w) = -7*w**2 + 13*w - 12. Let z be p(5). What is the hundreds digit of z/305 + (-3417)/(-5)?
6
Let a be (3/(27/33))/(13/1170). Let u = 6 + -4. Suppose -3*g + a = u*g. What is the tens digit of g?
6
Let j = 1455 - 1215. Suppose 4*g - 4*a + 484 = 0, 3*g - 2*a + a + 355 = 0. Let v = j + g. What is the hundreds digit of v?
1
Suppose 4*o - 5*f + 2*f - 5 = 0, -50 = -5*o - 5*f. Suppose -2*b + 5*t = -1368, o*b - t + 4*t - 3389 = 0. What is the hundreds digit of b?
6
Suppose -3*z - 190*i + 188*i + 16608 = 0, -z = -2*i - 5544. What is the hundreds digit of z?
5
Suppose 6*z = -n + 8297, 2*n - 16492 = -2*z + 7*z. What is the thousands digit of n?
8
Suppose -165620 = -3895*j + 3881*j. What is the thousands digit of j?
1
Suppose 0 = -30*f - 14*f - 528. What is the units digit of (-7018)/(-6) + (-4)/f + -1?
9
Suppose 2*s - 6500 = a, -44*s = -47*s + 5*a + 9757. Suppose 0 = 2*z - o - 2095, -3*z - 2*o - 110 + s = 0. What is the thousands digit of z?
1
Suppose -4 = -w - 4*s, 5*w + 2 = 3*s - 1. Suppose 5*p - 15 = -w*p. Suppose p*u = 2*v + 185, 2*v - 4*v + 67 = u. What is the units digit of u?
3
Suppose -4*m + 62 = -h, -3*h + 1 = -2*m + 27. Suppose 2*a - m*l + 18*l - 720 = 0, 0 = 2*a - 5*l - 713. What is the tens digit of a?
5
Suppose 9*d - 10 = 7*d. Suppose 0 = -d*n + 5*g + 10, 0 = 2*g - g. Suppose o - n*o + 38 = 0. What is the units digit of o?
8
Let l(h) = 34*h**3 - 3*h**2 + 4. Let t(j) = 2*j**3 - 8*j**2 - j + 6. Let q be t(4). What is the tens digit of l(q)?
6
Suppose -469*k - 87*k + 17*k + 27884626 = 0. What is the units digit of k?
4
Suppose 2*j = -4*p + 102, 0 = -2*j + 4 - 2. Let g = -29 + p. What is the tens digit of (37/(-4))/(1/(2*g))?
7
Suppose 2*u - 8 + 56 = -3*t, -2*t - 24 = 4*u. Let s = t - -16. What is the units digit of 2 + s/9 + (-364)/(-18)?
2
Suppose 83*y - 81*y - 11606 = 3*r, 0 = -4*r - 8. What is the tens digit of y?
0
Let q(i) = -i**3 - 3*i**2 - 4*i + 5. Let n be q(0). Suppose -3*u = -w - 3386, -4*w + 2182 = n*u - 3450. What is the thousands digit of u?
1
Suppose -r + 2*r = -3*o + 7697, -o + 7687 = r. What is the tens digit of r?
8
Let p = -58 + 62. Suppose 3*j = 3*r, -3*r + p*j = 2*r - 1. Let h(u) = 89*u**3 - 3*u**2 + 2*u. What is the units digit of h(r)?
8
Let q be 0/(3/((-12)/(-4))). Suppose -3*m + 25*m - 26928 = q. What is the thousands digit of m?
1
Let z(j) = -2*j**3 - 91*j**2 - 191*j + 49. What is the tens digit of z(-48)?
3
Suppose 4*b = 0, 4*w = -2*b - 3515 + 42759. What is the tens digit of w?
1
Suppose 4*h = 7*h - 276. Suppose 85*u - h*u + 1295 = 0. What is the hundreds digit of u?
1
What is the units digit of (8 + 0)/((-67)/(-21708))?
2
Suppose -3*t = 5*p - 2226 - 17478, p = -4*t + 3934. Suppose 21*i + p = 27*i. What is the hundreds digit of i?
6
Let h be (-1)/((-22)/(-6) + -4). Suppose -5*t - 565 = -5*f, 129 = h*f - 2*f - 5*t. Let z = -45 + f. What is the tens digit of z?
6
Let o(h) = 17*h**2 + 39*h - 2. Let b be o(4). Suppose -5*s = 2*y + 1123, 460 = 5*s - 4*y + 1589. Let u = s + b. What is the hundreds digit of u?
2
Let a(g) = 5*g - 22. Suppose -2*h - 3*l - 30 = -5*h, 2*h - l = 17. Let u be a(h). Let i = u + 51. What is the tens digit of i?
6
Suppose 2*q = -c + 917, -2*c = -4*q + 2*c + 1828. Suppose -2*p - 2*r = -q, -p = 2*p + 4*r - 689. What is the units digit of p?
7
Suppose -5*t = -5*h + 65, 0*h + 2*t + 42 = 4*h. Let n(f) = 7*f**2 + 10*f + 22. What is the units digit of n(h)?
0
Let l = 575 - 327. Suppose -16*x = 343 + 377. Let y = l - x. What is the hundreds digit of y?
2
Suppose